{"version":"1.0","provider_name":"Seconci Brasil","provider_url":"https:\/\/seconci.com.br\/site","author_name":"Sidney Rocha","author_url":"https:\/\/seconci.com.br\/site\/author\/sidney-rocha\/","title":"Novo eSocial deve ser lan\u00e7ado at\u00e9 setembro - Seconci Brasil","type":"rich","width":600,"height":338,"html":"<blockquote class=\"wp-embedded-content\" data-secret=\"mqkVvWTOMX\"><a href=\"https:\/\/seconci.com.br\/site\/2019\/07\/04\/novo-esocial-deve-ser-lancado-ate-setembro\/\">Novo eSocial deve ser lan\u00e7ado at\u00e9 setembro<\/a><\/blockquote><iframe sandbox=\"allow-scripts\" security=\"restricted\" src=\"https:\/\/seconci.com.br\/site\/2019\/07\/04\/novo-esocial-deve-ser-lancado-ate-setembro\/embed\/#?secret=mqkVvWTOMX\" width=\"600\" height=\"338\" title=\"&#8220;Novo eSocial deve ser lan\u00e7ado at\u00e9 setembro&#8221; &#8212; Seconci Brasil\" data-secret=\"mqkVvWTOMX\" frameborder=\"0\" marginwidth=\"0\" marginheight=\"0\" scrolling=\"no\" class=\"wp-embedded-content\"><\/iframe><script>\n\/*! This file is auto-generated *\/\n!function(d,l){\"use strict\";l.querySelector&&d.addEventListener&&\"undefined\"!=typeof URL&&(d.wp=d.wp||{},d.wp.receiveEmbedMessage||(d.wp.receiveEmbedMessage=function(e){var t=e.data;if((t||t.secret||t.message||t.value)&&!\/[^a-zA-Z0-9]\/.test(t.secret)){for(var s,r,n,a=l.querySelectorAll('iframe[data-secret=\"'+t.secret+'\"]'),o=l.querySelectorAll('blockquote[data-secret=\"'+t.secret+'\"]'),c=new RegExp(\"^https?:$\",\"i\"),i=0;i<o.length;i++)o[i].style.display=\"none\";for(i=0;i<a.length;i++)s=a[i],e.source===s.contentWindow&&(s.removeAttribute(\"style\"),\"height\"===t.message?(1e3<(r=parseInt(t.value,10))?r=1e3:~~r<200&&(r=200),s.height=r):\"link\"===t.message&&(r=new URL(s.getAttribute(\"src\")),n=new URL(t.value),c.test(n.protocol))&&n.host===r.host&&l.activeElement===s&&(d.top.location.href=t.value))}},d.addEventListener(\"message\",d.wp.receiveEmbedMessage,!1),l.addEventListener(\"DOMContentLoaded\",function(){for(var e,t,s=l.querySelectorAll(\"iframe.wp-embedded-content\"),r=0;r<s.length;r++)(t=(e=s[r]).getAttribute(\"data-secret\"))||(t=Math.random().toString(36).substring(2,12),e.src+=\"#?secret=\"+t,e.setAttribute(\"data-secret\",t)),e.contentWindow.postMessage({message:\"ready\",secret:t},\"*\")},!1)))}(window,document);\n\/\/# sourceURL=https:\/\/seconci.com.br\/site\/wp-includes\/js\/wp-embed.min.js\n<\/script>\n","thumbnail_url":"https:\/\/seconci.com.br\/site\/wp-content\/uploads\/2019\/01\/eSocial-1024x245.jpeg","thumbnail_width":1024,"thumbnail_height":245,"description":"| Ag\u00eancia Cbic | Criticado por empres\u00e1rios por conta da burocracia, o governo deve lan\u00e7ar at\u00e9 o pr\u00f3ximo m\u00eas de setembro um novo\u00a0eSocial\u00a0\u2013 mais simplificado \u2013 para empresas e empregadores dom\u00e9sticos. A promessa foi feita depois de o relator da medida provis\u00f3ria da liberdade econ\u00f4mica, deputado Jer\u00f4nimo Georgen (PP-RS) cogitar incluir em seu relat\u00f3rio a [&hellip;]"}

Novo eSocial deve ser lançado até setembro - Seconci Brasil

<blockquote class="wp-embedded-content" data-secret="mqkVvWTOMX"><a href="https://seconci.com.br/site/2019/07/04/novo-esocial-deve-ser-lancado-ate-setembro/">Novo eSocial deve ser lançado até setembro</a></blockquote><iframe sandbox="allow-scripts" security="restricted" src="https://seconci.com.br/site/2019/07/04/novo-esocial-deve-ser-lancado-ate-setembro/embed/#?secret=mqkVvWTOMX" width="600" height="338" title="&#8220;Novo eSocial deve ser lançado até setembro&#8221; &#8212; Seconci Brasil" data-secret="mqkVvWTOMX" frameborder="0" marginwidth="0" marginheight="0" scrolling="no" class="wp-embedded-content"></iframe><script>
/*! This file is auto-generated */
!function(d,l){"use strict";l.querySelector&&d.addEventListener&&"undefined"!=typeof URL&&(d.wp=d.wp||{},d.wp.receiveEmbedMessage||(d.wp.receiveEmbedMessage=function(e){var t=e.data;if((t||t.secret||t.message||t.value)&&!/[^a-zA-Z0-9]/.test(t.secret)){for(var s,r,n,a=l.querySelectorAll('iframe[data-secret="'+t.secret+'"]'),o=l.querySelectorAll('blockquote[data-secret="'+t.secret+'"]'),c=new RegExp("^https?:$","i"),i=0;i<o.length;i++)o[i].style.display="none";for(i=0;i<a.length;i++)s=a[i],e.source===s.contentWindow&&(s.removeAttribute("style"),"height"===t.message?(1e3<(r=parseInt(t.value,10))?r=1e3:~~r<200&&(r=200),s.height=r):"link"===t.message&&(r=new URL(s.getAttribute("src")),n=new URL(t.value),c.test(n.protocol))&&n.host===r.host&&l.activeElement===s&&(d.top.location.href=t.value))}},d.addEventListener("message",d.wp.receiveEmbedMessage,!1),l.addEventListener("DOMContentLoaded",function(){for(var e,t,s=l.querySelectorAll("iframe.wp-embedded-content"),r=0;r<s.length;r++)(t=(e=s[r]).getAttribute("data-secret"))||(t=Math.random().toString(36).substring(2,12),e.src+="#?secret="+t,e.setAttribute("data-secret",t)),e.contentWindow.postMessage({message:"ready",secret:t},"*")},!1)))}(window,document);
//# sourceURL=https://seconci.com.br/site/wp-includes/js/wp-embed.min.js
</script>

| Agência Cbic | Criticado por empresários por conta da burocracia, o governo deve lançar até o próximo mês de setembro um novo eSocial – mais simplificado – para empresas e empregadores domésticos. A promessa foi feita depois de o relator da medida provisória da liberdade econômica, deputado Jerônimo Georgen (PP-RS) cogitar incluir em seu relatório a [&hellip;]
